n z is divided by 50?
44
Let h = 4 + 4. What is the remainder when 29 is divided by h?
5
Suppose 0*u - 4*u + 5*l = -21, -u = l + 6. Let a = u + 5. What is the remainder when a is divided by 3?
1
Suppose 24 = -x + 7. Let u = x - -5. What is the remainder when ((-9)/2)/(u/80) is divided by 16?
14
Suppose 0 = -2*u + 8, -2*b - u + 67 = -195. Let s = b + -83. Calculate the remainder when s is divided by 12.
10
Let l = -1 + 11. Suppose 0 = 6*c - l*c + 176. What is the remainder when c is divided by 15?
14
Let n = 4 + -1. Suppose -n*u = -32 - 10. What is the remainder when 25 is divided by u?
11
Let m be (32/(-2))/(1/2). Let k = m - -75. Calculate the remainder when k is divided by 15.
13
Let l = -11 - -9. Calculate the remainder when l*(1 - 5)/1 is divided by (5 + 1)*2/4.
2
Suppose 100 = q + 4*q. What is the remainder when 37 is divided by q?
17
Let j be (-66)/4*(-10 + 0). Let h = j - 116. Suppose h = -2*o + 3*o. Calculate the remainder when o is divided by 17.
15
Suppose -5*v - 1 = -16. Suppose -2*l = -v*l + 9. Calculate the remainder when -4*(-2 - -4)*-2 is divided by l.
7
Let x(w) = 5*w**2 + 3*w + 1. Let q = 4 - 0. Suppose 115 = q*s - y, 4*s = -y + 3*y + 118. What is the remainder when s is divided by x(-2)?
13
Let t be (-1)/(-3)*(-3 - -12). Suppose 0 = t*c - 8*c - 40. Calculate the remainder when -1 + 3 - c/1 is divided by 6.
4
Suppose -5*m = -4*m - 81. Calculate the remainder when m is divided by 42.
39
Suppose 0 = 5*s - 5*o - 42 - 33, 0 = -3*o - 9. Let l = s + -8. Suppose 6*p + 14 = 3*t + 2*p, 3*t + 4*p = 22. Calculate the remainder when t is divided by l.
2
Let p(l) = 10*l - 64. Calculate the remainder when p(8) is divided by 9.
7
Let u = -9 - -16. Calculate the remainder when 20 is divided by u.
6
Suppose -5*w + 7 = -53. Let t = 157 - 87. Let s = -48 + t. What is the remainder when s is divided by w?
10
Let n be -99 - -1 - -1 - -2. Suppose 4*q - 559 = 3*u, 2*u = -2*q + 159 + 117. Let p = q + n. Calculate the remainder when p is divided by 15.
14
Suppose 3*c - 37 = -3*j + 5*c, 3*j - 47 = 4*c. Let k = j - 5. Suppose 3*t - 103 = -k*f, t - 71 = -2*f - 18. What is the remainder when f is divided by 10?
8
Let q = -1 + -4. Let a = q + 10. Calculate the remainder when 13 is divided by a.
3
Calculate the remainder when 8 is divided by (14/(-5) - -5) + (-2)/10.
0
Suppose 5*j = -5*i - 300, -2*i + 0*j - 135 = -j. Let k = i - -124. Calculate the remainder when k is divided by 12.
11
Suppose -2*t + 3 = 5*c, -5*c + 31 + 2 = -3*t. Calculate the remainder when 8 is divided by (0 + 1)/(t/(-30)).
3
Suppose -5*s + 35 = -20. Suppose 2*c = -0*c + 64. Calculate the remainder when c is divided by s.
10
Let o(h) = -h**2 + 9*h - 6. Suppose -5*s - 25 = 0, 3*s = -j - 3*j + 117. Calculate the remainder when j is divided by o(6).
9
Suppose -3*u - 4*l + 25 = 0, 20 = -0*l + 5*l. Suppose -2*r = -r - u. Calculate the remainder when r is divided by 3.
0
Suppose 0 = -4*c + 68 + 32. What is the remainder when 120 is divided by c?
20
Suppose -4*q + 2*b = -38 + 2, 4*b - 16 = 0. Suppose -4*w = -4*g + 15 - 71, -13 = -w + 2*g. Suppose -2*t + 49 = -w. What is the remainder when t is divided by q?
10
Suppose -3*x - 4*c + 110 + 156 = 0, 2*x - 170 = c. Calculate the remainder when x is divided by 15.
11
Let c = 4 + -4. Suppose 0 = -c*f + 5*f + 30. Let v(t) = -t**3 - 4*t**2 + 6*t - 5. What is the remainder when v(f) is divided by 17?
14
Let t = 39 - 26. What is the remainder when 24 is divided by t?
11
Let y be (2 - -1)/((-6)/(-8)). Suppose -3*n = -7*n + 12. Suppose -4*i = -n*i - 3*p - 14, -8 = 4*i + y*p. Calculate the remainder when i is divided by 2.
0
Let q(c) = -4*c - 1. Let l be q(1). Let n = 5 + l. Suppose -4*z - 2*w = -70, n = -2*z + 3*w + 26 + 21. What is the remainder when 74 is divided by z?
17
Let s = 5 - 0. Suppose 2*z + 2*b + 3*b = 11, -27 = -4*z - s*b. What is the remainder when 23 is divided by z?
7
What is the remainder when (-2 + 1)*-1 - (-35 - -4) is divided by 11?
10
Let k(f) = 9*f - 7. Let g be k(-7). Let w = g - -117. Let t = 41 - 25. Calculate the remainder when w is divided by t.
15
Suppose 4*x = 65 - 21. Suppose 0 = -3*j + 148 + x. Suppose j - 18 = 5*o. What is the remainder when 19 is divided by o?
5
Let u = 15 - 1. Let s be 3/(-9) + (-16)/(-3). Suppose -s*j = 4*h - 134, -3*h = -j - 4*h + 27. What is the remainder when j is divided by u?
12
What is the remainder when 48 is divided by (-1)/((-2)/(-3) - 145/195)?
9
Suppose 0*c = 3*c - 3*f - 24, 3*f + 11 = 2*c. Calculate the remainder when c is divided by 7.
6
Let o = 182 - 105. Calculate the remainder when o is divided by 27.
23
Suppose -4*i - 36 = -j, -5*j = 2*i - 0*i - 92. Let m = j - 11. What is the remainder when 26 is divided by m?
8
Let r = 42 + -14. Let o be 35/10 - (-3)/(-2). Suppose 5*t - 2*z = 71, -o*z = t + 4*t - 79. Calculate the remainder when r is divided by t.
13
Let h = -14 + 31. Let z(r) = r**2 - 5*r. Let y be z(5). Suppose q + y*q = 9. What is the remainder when h is divided by q?
8
Suppose 4*y - 36 = -5*o, -y + 6*y = -5. What is the remainder when -5 + o - -1*2 is divided by 4?
1
Suppose 38 = -4*w + 6. Let n = w - -23. What is the remainder when n is divided by 8?
7
Let r be (-1)/3 + (-32)/(-24). Let k(n) = 0*n**2 + 2*n + 2*n**2 + r - n. Calculate the remainder when 20 is divided by k(2).
9
Let h(m) = -m**2 - 4*m + 5. Let k be h(-5). Suppose k = -5*g + 6 + 114. Suppose t - g = -t. What is the remainder when 45 is divided by t?
9
Suppose 12*s - 7*s = 65. Let j = 6 + -4. Suppose -j*z = -4*z + 76. Calculate the remainder when z is divided by s.
12
Let s(y) = 11*y + 4. Calculate the remainder when s(5) is divided by 12.
11
Let l(p) = -p**3 - 4*p**2 - 3*p + 2. Let s be l(-3). Suppose -s*f - 90 = -7*f. Calculate the remainder when 53 is divided by f.
17
What is the remainder when (-979)/(-22) - 2/4 is divided by 24?
20
Suppose 18*o - 13*o = 80. What is the remainder when o is divided by 5?
1
Suppose -m + 5*p - 9 = 0, 3*m - 7*m + 69 = p. What is the remainder when 31 is divided by m?
15
Let c(j) = -13*j - 50. What is the remainder when c(-7) is divided by 6?
5
Suppose 2*g - f - 57 = -g, -2*f - 24 = -g. What is the remainder when g is divided by 4?
2
Let p(i) = 38*i. Let w = 5 - 4. What is the remainder when p(w) is divided by 10?
8
Suppose -8*u = -5*u - 117. What is the remainder when u is divided by 21?
18
Suppose -4*r + 16 = -4. What is the remainder when r is divided by 3?
2
Suppose h = -2*h. Suppose h = -4*q + 284 - 0. Calculate the remainder when q is divided by 24.
23
Let q(w) = 2*w**3 - w**2 + 4. Let k be q(5). Suppose k = 4*s + 53. What is the remainder when s is divided by 23?
21
Let o be 1/(-3) + (-10)/(-3). Let z be 2/(-6) + (-23)/o. What is the remainder when (8/10)/(z/(-60)) is divided by 4?
2
Suppose -a + t = -1, -2*a = -0*a - 5*t + 10. Calculate the remainder when 18 is divided by a.
3
What is the remainder when 2/(-8) - (378/(-8) + 5) is divided by 22?
20
Let z(s) = s**3 + 6*s**2 + 5*s + 2. What is the remainder when (1320/11)/8*(-10)/(-6) is divided by z(-4)?
11
Let m = 72 + -38. Calculate the remainder when m is divided by 12.
10
Let i(s) = -7*s + 18. Calculate the remainder when i(-6) is divided by 9.
6
Let t = 15 + 1. What is the remainder when 46 is divided by t?
14
Let f(z) = 2*z - 29. Calculate the remainder when 5 is divided by f(17).
0
Let r = 267 - 155. What is the remainder when r is divided by 23?
20
Let q be 58/4*2*-2. Let k = -16 - q. Let m = k + -27. What is the remainder when 44 is divided by m?
14
Let s = 107 + -81. Calculate the remainder when 128 is divided by s.
24
Let i = 10 + 3. What is the remainder when 23 is divided by i?
10
Let l = 4 - -6. Calculate the remainder when ((-8)/(-20))/(2/240) is divided by l.
8
Suppose 0*l + l = 10. What is the remainder when 28 is divided by l?
8
Suppose -5*j - 5*v + 65 = 15, 3*j = -4*v + 27. Calculate the remainder when 49 is divided by j.
10
Suppose -4*c + 0 = -f + 6, 0 = 5*c - 25. What is the remainder when 76 is divided by f?
24
Let g(q) = -9*q**3 + 2*q**2 - q - 1. Suppose 0 = 3*o - 2*o - 4. What is the remainder when g(-1) is divided by o?
3
Let t = -19 - -44. Let h = 21 + t. Suppose 5*m - h = 9. Calculate the remainder when m is divided by 4.
3
Let t be 6/(-12)*(0 - -36). Let m = t + 30. Calculate the remainder when m is